 2638/1 + (-1)/(0 - 1)?
2
Suppose 31*q - 42*q + 6908 = 0. Let g = -241 + q. What is the units digit of g?
7
Let b = 14 + -12. Let n(d) = 46*d**2 - 6*d + 15. What is the hundreds digit of n(b)?
1
Suppose 10*j - 13*j = -15. Suppose -5*n = j*n - 5380. What is the hundreds digit of n?
5
Let c(f) = -f**3 + f**2 - 3. Let u be c(0). Let t be 14*(u - -8 - 3). What is the units digit of (-454)/(-6) - t/42?
5
Suppose 2*m - 6979 = -m + 5195. What is the thousands digit of m?
4
Let v(s) = 2365*s + 1551. What is the ten thousands digit of v(10)?
2
Let f = 16026 + 6548. What is the ten thousands digit of f?
2
Let r be 13/((-5 + 8)/3). Suppose -r*x = 12*x - 10725. What is the hundreds digit of x?
4
Suppose 3*r - 2*f = 674 - 80, -f = r - 203. Suppose r*h = 194*h + 3162. What is the hundreds digit of h?
5
Let q be (-332)/(-42) + (-32)/(-336). Suppose 25 = 5*a, -5*o + 4*a - q*a = 5. What is the units digit of (o/(-45) + (-1294)/(-18))*1?
2
Let r(x) = 588*x**2 + 159*x**2 - 3*x - 1 + 2*x**2. What is the hundreds digit of r(-1)?
7
Suppose -18575 = -5*c + 4*x, -c = -114*x + 115*x - 3724. What is the hundreds digit of c?
7
Let y be (18/27)/((-14)/15 + 1). Let n(z) = 7*z**2 - 35*z + 4. What is the hundreds digit of n(y)?
3
Suppose 0 = 4*l - 3*o + 675, -169 = l + 6*o - 7*o. Let k = l - -380. What is the tens digit of k?
1
Let k be (-321)/21 - (-54)/189. What is the hundreds digit of k + (-200)/(-15) - (-3268)/6?
5
Let l(d) be the second derivative of d**7/1260 + d**6/80 + d**5/30 - 5*d**4/6 - 3*d. Let k(b) be the third derivative of l(b). What is the units digit of k(-8)?
0
Let v be 29/((3/(-10))/((-90)/75)). Let s = v - 110. Suppose s*a - 844 = 284. What is the units digit of a?
8
What is the hundreds digit of (8/(-5))/((-2)/(-181825)*-7)?
7
Suppose 35*l - 163*l - 667 + 562459 = 0. What is the hundreds digit of l?
3
Suppose 0 = -4*a + 4*u, 3*a - 13 = 2*u - 15. What is the tens digit of (3078/3)/3 - a?
4
Let p = -4902 + 8871. What is the tens digit of p?
6
Let f be (-1)/(-3) - (10/(-6) - -4). Let i be 0/(-1)*(f + -3 + 6). Let k(u) = -u + 78. What is the units digit of k(i)?
8
Let k(c) = -2*c**2 + 4*c + 1. Let b be k(3). Let q(a) = 27*a**2 - 14*a + 12. Let l be q(b). Suppose -4*w + 187 = -l. What is the tens digit of w?
3
What is the tens digit of 6 + -2 + -420*(155/(-4) + 7)?
3
Let v(l) = 1946*l**2 - 30*l - 1. What is the hundreds digit of v(2)?
7
Let q be (254/(-4))/((-8)/16). Let g = q + -60. Suppose 2*o + g = -3*n + 369, 0 = -o - 4*n + 161. What is the tens digit of o?
4
Suppose -b - b - 226 = k, 2*k + 442 = b. Let g = 590 + k. Suppose -5*w = 48 - g. What is the tens digit of w?
6
Suppose 0 = 2*g - 10*g. Suppose g = 4*t - 6*t - 38. Let z = t + 98. What is the tens digit of z?
7
Let n be (-1 + (-3 - -2))*-2. What is the units digit of 937*(1 - 0/(n/1))?
7
Suppose -4*o - 2*r = -54, 7*o - 65 = 2*o - 3*r. Let i(k) = 2*k**3 + 12 - o*k - 5*k**2 - 10*k**3 + 8 + 9*k**3. What is the tens digit of i(8)?
8
What is the ten thousands digit of (-25420)/(-465)*((-2373)/(-4) + -3)?
3
Let n = -19220 - -44329. What is the thousands digit of n?
5
Let c = -35 + 37. Suppose -3*l - 36 = -2*m - m, c*m = 5*l + 12. Suppose -9*x = -m*x + 196. What is the tens digit of x?
2
Suppose -80*d = -81*d + 223. Let g = d + -146. What is the tens digit of g?
7
What is the units digit of 6/((-5)/((-797560)/12))?
6
What is the thousands digit of (584/(-365))/(1/(-3530))?
5
Suppose 3*z = -4*g + 6187, -g - 401 = -z - 1939. Suppose 5*c = -5*r + 2572 + g, -3*r = -4*c - 2476. What is the units digit of r?
4
Suppose -301883 = -93*n + 484246. What is the thousands digit of n?
8
Suppose -3*z = h - 4*h - 52641, 2*z - h - 35095 = 0. What is the ten thousands digit of z?
1
Suppose 1511*b - 211604 = 1479*b - 60340. What is the thousands digit of b?
4
Let a(v) = -285*v - 129. What is the thousands digit of a(-46)?
2
Let w = -78 - -168. Suppose 1135 = 29*v - 3360. Let z = v - w. What is the tens digit of z?
6
Suppose 3*r - 1612 - 188 = 5*x, -4*r + x + 2383 = 0. Suppose -2*d - 647 = -4*v - 171, 5*v + d = r. What is the tens digit of v?
1
Let w = -94 + 94. Suppose -k - 4*v + 57 = -0*v, w = 4*k + 5*v - 173. What is the tens digit of k?
3
Let w(j) = 6916*j**2 - 258*j + 257. What is the thousands digit of w(1)?
6
Suppose -4133363 + 1389491 = -32*b. What is the units digit of b?
6
Suppose -2*n - 3*a + 0*a = -1079, -5*a + 2159 = 4*n. Suppose 0 = 5*u - n - 1014. What is the tens digit of u?
1
Let c(s) = -7*s**3 - 6*s**2 - 50*s + 50. What is the thousands digit of c(-7)?
2
Let p(k) = 64 + 59 - 309*k - 63 + 19*k. What is the units digit of p(-2)?
0
Suppose -5*j = -4*n + 4, 2*j + 8 = -2*n - 8. Let d be n + (319 - -5)/3. Suppose 2*u + d = 354. What is the hundreds digit of u?
1
Suppose 753 = 5*n + 18. Suppose 12992 = 37*r + 21*r. Let j = r - n. What is the units digit of j?
7
Let a be (-22)/(-2) + 1 - (13 - 8). What is the units digit of ((-77)/(-14) - a)*-252?
8
Let c = 22018 - 9906. What is the tens digit of c?
1
Let g(k) = -1963*k + 666. What is the tens digit of g(-13)?
8
Let w = -24 - -21. Let g = w - -8. Suppose g*n = 6*n - 62. What is the tens digit of n?
6
Let h(t) = 5*t**2 + 9*t - 61. Let p be h(-6). Suppose 8426 = -p*z + 76*z. What is the units digit of z?
6
Suppose 2*s = 15 + 53. Let p = 228 - s. What is the hundreds digit of p?
1
Suppose -x - 650 = -2*l - 221, 4*l + 2*x - 870 = 0. Suppose -9*b = -6*b - l. What is the units digit of b?
2
Let m = 2216 - 2137. What is the units digit of m?
9
Suppose 0*h + 0*h + 3*h = 0. Suppose -3*d + h*d + 1338 = 0. What is the hundreds digit of d/3*6/4?
2
Suppose h - 2*g - 142 = 0, -2*h - 2*h = -3*g - 568. Let k = h - 52. Suppose 0 = 2*z + 4, -4*z + z = -4*n + k. What is the tens digit of n?
2
Let y = 25979 - -4105. What is the ten thousands digit of y?
3
What is the thousands digit of ((-11)/(66/(-25011)))/(11/44)?
6
Suppose 3*p - 1314 = -5118. Let n = p + 2132. What is the tens digit of n?
6
Let p(j) = 2*j - 44. Let b be p(23). Suppose -b*n = -5*n - 2*f + 2284, -4*f = n - 748. What is the hundreds digit of n?
7
Suppose 100834 = -7*g - 27623. What is the units digit of g/6*(-48)/72?
9
Let w(y) = -2*y - 31. Let j be w(-17). Suppose -2 + 11 = j*t. Suppose -2*z + 4*a = 2*z - 344, t*z - 260 = 4*a. What is the units digit of z?
4
Let j = 25775 + -9265. What is the thousands digit of j?
6
Let u = -2202 - -2204. Let o = 841 + -217. Suppose -x = -2*j - 0*j + 416, 0 = 3*j - u*x - o. What is the tens digit of j?
0
Suppose 19*x - 69*x = 59*x - 1410678. What is the thousands digit of x?
2
Let w(x) be the first derivative of -3*x**2 - 22*x - 18. Let q be w(-4). Suppose -q*o - o + 153 = 0. What is the tens digit of o?
5
Suppose -12 = 11*z - 15*z. Suppose -3*q = 5*m + 177, -177 = z*q - 4*m + 8*m. Let o = 202 + q. What is the units digit of o?
3
Suppose -5*i - 13*m + 23280 = -10*m, -4*i + 4*m + 18624 = 0. What is the thousands digit of i?
4
Suppose 423 = 5*h - 3*z, -3*z + 253 = 3*h - 4*z. Suppose -2*y + 2*g = 42, -7*g + 4*g - 9 = y. What is the units digit of 1784/6 - (h/y)/(-14)?
7
Suppose 2*b + 54*c - 129601 = 53*c, -b = 4*c - 64783. What is the tens digit of b?
0
Suppose -5*d = g - 9331, 21*d + g = 20*d + 1863. What is the units digit of d?
7
Let x = 188 - 194. What is the units digit of (-2 + x)/(3/(-12))?
2
Suppose 56*o = 62247 + 559801. What is the units digit of o?
8
Suppose -40925 = -4*x + 5*f, f = -5*x - 7513 + 58691. What is the ten thousands digit of x?
1
Suppose 10 = -2*a + t, 3*a + 0*t + 4*t = -4. Let l(c) = 52*c**2 - 6*c - 15. What is the units digit of l(a)?
1
Suppose 4*h + 70 = -390. What is the hundreds digit of (3 - h) + (-60)/(-12)?
1
Let u(m) be the third derivative of 0 - 29*m**2 - 19/60*m**5 - 7/8*m**4 - 1/120*m**6 + 0*m + 8/3*m**3. What is the units digit of u(-18)?
0
Let l = -156 - -533. Let r = l - 63. What is the tens digit of r?
1
Let j(d) be the first derivative of 1/3*d**3 + 9*d + 24 + 9/2*d**2. What is the hundreds digit of j(-16)?
1
Let z(r) = 53*r + 3158. What is the units digit of z(124)?
0
Suppose -96 + 112 = 4*m. Suppose 0 = m*p - 20, 3*p = 2*d + 4*p - 245. What is the units digit of d?
0
Let z(q) = -q**3 - 14*q**2 + 12*q - 43. Let r be z(-15). Let k = -73 + 164. Suppose -k = -r*v + 107. What is the units digit of v?
9
Let u(y) = 7*y + 22. Let g be u(-5). Let 